c + 21920. Calculate r(5).
25
Let y(s) = s**2 + 679*s - 4870. Calculate y(-686).
-68
Let c(m) = m**3 + 78*m**2 - 1810*m - 158781. Give c(-73).
-6
Let m(x) = 53*x**2 - 1935*x - 10996. Give m(-5).
4
Let w(p) = -4902*p + 583219. Determine w(119).
-119
Let m(z) = 313770*z - 16. Determine m(0).
-16
Let o(w) = 221*w + 1967. Give o(-9).
-22
Let m(z) = 476*z - 17052. Determine m(37).
560
Let i(t) = 6*t**2 - 2662*t - 11641. Determine i(448).
7
Let z(s) = -305279*s + 1831656. Give z(6).
-18
Let n(k) = -k**3 + 23*k**2 - 766*k - 16039. What is n(-13)?
3
Let a(b) = 6*b**3 + 139*b**2 + 35*b - 279. Determine a(-22).
2339
Let r(y) = y**3 + 6*y**2 - 1420*y - 4285. What is r(-3)?
2
Let j(t) = t**3 + 139*t**2 - 593*t - 3041. What is j(-143)?
-38
Let z(d) = 13*d**3 - 719*d**2 + 219*d + 85. What is z(55)?
30
Let n(w) = 9*w**3 + 119*w**2 - 25*w - 111. What is n(-15)?
-3336
Let c(d) = 2504*d + 94990. Determine c(-38).
-162
Let g(t) = 3*t**3 + 2728*t**2 + 6520*t + 155101. Determine g(-907).
4
Let o(g) = -4*g**3 + 2526*g**2 - 1273*g + 6992. Give o(631).
51
Let h(r) = -7042*r**2 + 14089*r - 2. Give h(2).
8
Let g(h) = 2*h**3 + 39*h**2 - 337*h - 6565. Give g(-20).
-225
Let y(n) = 33*n**2 + 176*n - 5. Calculate y(-6).
127
Let f(z) = -6*z**3 + 556*z**2 + 768*z - 1505. Calculate f(94).
-1
Let b(h) = -3*h**2 + 760*h - 48023. Calculate b(136).
-151
Let h(l) = 1935*l - 100072. Calculate h(51).
-1387
Let p(f) = -f**2 + 59*f - 193. Give p(65).
-583
Let t(a) = -a**3 + 62*a**2 - 696*a + 1143. Give t(12).
-9
Let i(t) = -t**2 - 604*t - 47544. Determine i(-511).
-21
Let f(q) = -403*q**3 + 1202*q**2 + 133*q - 420. Determine f(3).
-84
Let h(p) = 3*p**2 - 3279*p - 274012. Give h(-78).
2
Let l(b) = -44*b**2 + 65*b + 55. Calculate l(2).
9
Let r(a) = 185*a - 5214. Determine r(30).
336
Let q(j) = j**3 + 31*j**2 - 510*j - 6006. Calculate q(-40).
-6
Let o(d) = -d**3 - 133*d**2 - 275*d - 1343. Give o(-131).
360
Let g(n) = -n**3 + 134*n**2 + 21*n - 2424. Give g(134).
390
Let k(p) = 70*p**3 - 12*p**2 + 71*p - 59. Calculate k(1).
70
Let a(x) = -140707*x + 984954. Give a(7).
5
Let r(z) = -5*z**3 - 287*z**2 + 5432*z + 33. Calculate r(15).
63
Let u(j) = -j**2 - 72638*j - 798899. Determine u(-11).
-2
Let n(a) = 4*a**2 + 81*a + 687. Determine n(-12).
291
Let w(d) = 3*d**3 + 159*d**2 - 15*d - 564. What is w(-53)?
231
Let t(j) = 13566*j + 3757856. Determine t(-277).
74
Let s(z) = 5*z**3 + 42*z**2 + 75*z - 58. Determine s(-4).
-6
Let p(d) = 6174*d - 426015. Determine p(69).
-9
Let r(p) = 34984*p + 629744. Determine r(-18).
32
Let b(t) = 2*t**2 + 28511*t + 1392181. Give b(-49).
-56
Let o(t) = 1070*t - 20296. Give o(19).
34
Let o(u) = -9*u**2 + 1732*u + 3455. What is o(-2)?
-45
Let c(t) = 30*t**3 - 5*t**2 - 108*t - 406. Calculate c(-4).
-1974
Let w(p) = -6*p**3 + 113*p**2 + 42*p - 6. What is w(19)?
431
Let w(s) = 2*s**3 + 38*s**2 - 206*s - 63. Give w(6).
501
Let o(z) = 2*z**3 + 1294*z**2 - 1140*z + 101085. What is o(-648)?
-3
Let i(v) = v**2 + 185*v + 6147. Calculate i(-133).
-769
Let j(a) = 91*a**3 - 6*a**2 + 76*a - 169. Give j(3).
2462
Let p(z) = -z**3 - 324*z**2 - 1258*z - 197715. Give p(-322).
-7
Let l(g) = -3*g**2 + 3831*g + 30849. Calculate l(-8).
9
Let s(x) = -x**3 + 39*x**2 + 75*x + 426. Determine s(0).
426
Let q(g) = -21*g**3 + 15704*g**2 + 2985*g + 5257. Determine q(748).
21
Let s(f) = 24*f**2 + 10*f - 145193. Determine s(-78).
43
Let z(v) = 3343*v - 36461. Calculate z(11).
312
Let j(s) = 2*s**2 + 1917*s + 226401. Give j(-138).
-57
Let d(l) = -2322*l - 34817. What is d(-15)?
13
Let g(o) = -78457*o - 1255350. What is g(-16)?
-38
Let m(z) = -z**3 + 105*z**2 - 2749*z - 33. What is m(50)?
17
Let k(f) = -f**3 - 349*f**2 + 2157*f + 9563. What is k(-355)?
-22
Let r(q) = 125*q**3 - 37752*q**2 + 604*q + 17. Determine r(302).
17
Let m(t) = -901*t - 221648. What is m(-246)?
-2
Let i(t) = 93*t + 16038. Calculate i(-177).
-423
Let a(g) = -2*g**2 - 4130*g + 2328963. Determine a(461).
-9
Let m(y) = 24788*y - 149355. Determine m(6).
-627
Let b(q) = 2*q**3 - 220*q**2 + 698*q - 5894. Calculate b(107).
98
Let k(u) = u**3 - 268*u**2 - 2480*u - 3591. Calculate k(277).
10
Let j(f) = 39*f**2 - 1271*f - 101. Determine j(33).
427
Let v(t) = -28079*t + 224615. Calculate v(8).
-17
Let z(q) = -8*q**3 + 124*q**2 + 168*q - 3302. What is z(15)?
118
Let l(d) = d**3 + 37*d**2 - 442*d - 5814. What is l(-13)?
3988
Let c(w) = 4*w**2 + 83*w - 53. What is c(-25)?
372
Let y(d) = 2*d**3 + 5*d**2 - 971*d - 4847. Determine y(-5).
-117
Let j(k) = -k**2 - 17*k + 3343. Calculate j(-66).
109
Let l(g) = 5*g**3 - 25*g**2 - 420*g + 3. Give l(12).
3
Let z(u) = 15*u - 523. Give z(26).
-133
Let n(s) = 28793*s - 489611. Give n(17).
-130
Let p(k) = 2061*k + 20778. Calculate p(-10).
168
Let a(t) = 5*t**2 - 4*t - 4109. Calculate a(-40).
4051
Let f(m) = 45770*m + 663. What is f(0)?
663
Let m(z) = -5*z**2 - 276*z + 22533. Give m(45).
-12
Let o(x) = -196*x + 2979. What is o(14)?
235
Let k(q) = -5*q**2 + 255*q - 1908. What is k(8)?
-188
Let d(j) = 8086*j + 26753. Calculate d(-3).
2495
Let s(c) = 13*c**2 + 962*c - 913. Give s(-75).
62
Let t(d) = d**3 + 481*d**2 - 2685*d - 123911. Calculate t(-486).
19
Let i(o) = 109297*o - 2841768. Determine i(26).
-46
Let p(h) = 296448*h - 2371534. Calculate p(8).
50
Let l(q) = 2*q**3 - 376*q**2 - 4*q + 611. Calculate l(188).
-141
Let b(j) = -32*j**2 + 2267*j + 2619. Give b(72).
-45
Let q(l) = -813338*l - 23586810. Give q(-29).
-8
Let u(a) = -a**3 - 6*a**2 - 837*a - 7329. What is u(-9)?
447
Let i(x) = 483*x**2 - 1974*x + 173. Determine i(4).
5
Let w(x) = x**3 + 4*x**2 - 85*x - 82. Give w(-11).
6
Let l(n) = -3*n**2 + 70877*n + 709069. What is l(-10)?
-1
Let c(d) = -347377*d - 2779006. Calculate c(-8).
10
Let l(c) = -c**3 - 750*c**2 - 3780*c - 40977. Determine l(-745).
-2
Let i(s) = 30*s + 829. What is i(-35)?
-221
Let b(j) = 12973*j + 194549. Give b(-15).
-46
Let z(s) = -1572*s - 391639. Calculate z(-249).
-211
Let o(z) = z**3 + 71*z**2 + 219*z - 3204. Calculate o(-67).
79
Let m(g) = 3*g**3 - 78*g**2 - 73*g - 305. Determine m(27).
-89
Let r(b) = 2025*b - 9118. Give r(2).
-5068
Let o(m) = -33280*m - 9651202. Calculate o(-290).
-2
Let v(q) = 97394*q + 1850485. Give v(-19).
-1
Let k(f) = 3291*f + 102021. Determine k(-31).
0
Let j(t) = -t**2 + 237*t - 2723. Give j(228).
-671
Let q(p) = 2*p**3 + 479*p**2 - 11423*p - 1827. Give q(22).
-1
Let s(m) = -436*m + 1273. Determine s(3).
-35
Let k(l) = -3815696*l + 15262800. Calculate k(4).
16
Let w(m) = m**2 - 141*m - 4364. Calculate w(-26).
-22
Let s(x) = 5*x**3 - x**2 + 54*x + 55. What is s(0)?
55
Let n(x) = 6*x**3 - 8*x**2 - 29*x + 200. Calculate n(6).
1034
Let h(g) = -75864*g - 379311. Calculate h(-5).
9
Let k(g) = g**3 + 36*g**2 + 88*g - 1358. Calculate k(-30).
1402
Let k(j) = 6572*j + 466599. Give k(-71).
-13
Let m(l) = -2*l**2 + 500*l + 7443. Calculate m(264).
51
Let q(u) = 3*u**3 + 346*u**2 + 8695*u + 9. What is q(-37)?
9
Let z(q) = 13*q**2 + 914*q - 24492. Determine z(-91).
-13
Let b(v) = 3*v**2 + 1294*v - 14604. Give b(11).
-7
Let a(b) = -b**3 + 28*b**2 - 26*b - 77. Determine a(19).
2678
Let a(i) = 102493*i - 614980. Determine a(6).
-22
Let s(j) = -214*j**2 - 5357*j - 109. What is s(-25)?
66
Let l(w) = 362*w**2 + 174428*w - 26988. What is l(-482)?
4
Let b(s) = 90*s + 4543. What is b(-38)?
1123
Let o(a) = -a**3 + 41*a**2 - 420*a - 47. Calculate o(21).
-47
Let f(r) = -3341*r - 117002. What is f(-35)?
-67
Let c(p) = 716*p + 15518. Calculate c(-21).
482
Let r(q) = 315*q**2 - 2313*q - 2315. Calculate r(-1).
313
Let u(m) = 2*m**3 - 1118*m**2 + 1369*m - 141158. Calculate u(558).
16
Let b(k) = -10903*k + 43299. Calculate b(4).
-313
Let f(r) = 34861*r - 174256. Give f(5).
49
Let v(p) = 3*p**3 + 964*p**2 + 334*p + 4167. Determine v(-321).
-6
Let c(s) = 37*s**3 - 25*s**2 + 73*s - 40. Give c(2).
302
Let u(v) = -79*v + 44. Give u(-1).
123
Let m(s) = -598*s**2 + 7798*s - 7469. Determine m(12).
-5
Let f(d) = -255*d - 50227. Give f(-197).
8
Let u(n) = -7195*n + 985384. Determine u(137).
-331
Let n(r) = -78*r**3 + 243*r**2 - 9*r + 7. Determine n(3).
61
Let z(f) = -f**3 + 17*f**2 - 59*f + 10. Determine z(17).
-993
Let q(g) = 10725*g + 1351344. Determine q(-126).
-6
Let c(m) = 291*m + 308. Give c(-2).
-274
Let y(c) = -203*c**2 - 34908*c + 1326. What is y(-172)?
-50
Let p(l) = -6*l**2 - 1888